ime number?
False
Let o(y) = y + 1. Let t(b) = 2*b**2 - 2*b + 1. Let g(a) = -6*o(a) + t(a). Let s be 9 - (0 + -3)*-1. Is g(s) composite?
False
Suppose 0 = 4*a - r - 2245 - 2822, -5*a + 3*r = -6332. Is a a composite number?
True
Let l = 121 + -10. Is l composite?
True
Let p = -3 - -7. Suppose -3*f + 16 = 2*k + f, -p*k + 4 = f. Suppose k = 5*v - 6*v + 49. Is v a prime number?
False
Suppose 2 = -z + 7. Suppose -2*i = -z*i + 66. Is i a prime number?
False
Let n(a) = -3*a + 294. Let z(y) = -y + 98. Let q(r) = 2*n(r) - 7*z(r). Let f be q(0). Let s = 165 + f. Is s composite?
False
Suppose 0 = -3*z + z - 58. Let c = 19 + z. Is (-514)/c + 2/(-5) prime?
False
Suppose s + z = 21, -5*s + 99 + 36 = -5*z. Let y be ((-5)/(-2))/(1/s). Let d = 19 + y. Is d a composite number?
False
Let l(x) = 112*x - 1. Is l(2) a prime number?
True
Let a(t) = 110*t**3 - 2*t**2 + 5*t - 5. Is a(2) composite?
False
Suppose -g + 0*g + 4 = -2*t, -4*t + 4 = g. Suppose 0*i + 217 = 3*j + i, g*i = 5*j - 390. Is j composite?
True
Suppose 68 + 34 = 3*z. Suppose -180 = -5*b + 55. Let o = b - z. Is o composite?
False
Let c be 6/(-14) + 68/28. Suppose -c*o + 3 = -25. Is o a prime number?
False
Let p be (1 + 0)*(2 - 0). Suppose p*r + 0 = 4. Suppose -3*j = -y + 3*y - 233, -j + r*y = -75. Is j prime?
False
Let q(y) = -y**2 - 25*y - 29. Is q(-21) a composite number?
True
Let w(x) = 6*x**3 - 12*x**2 + 7*x - 19. Let q(f) = -2*f**3 + 4*f**2 - 2*f + 6. Let u(v) = -7*q(v) - 2*w(v). Is u(3) a composite number?
True
Let u be (0/(2 - 1))/(-1). Suppose k - h = 287, u*k + 287 = k + 2*h. Is k a composite number?
True
Let r(x) = x**2 - x + 88. Let f be r(0). Let l(j) = -j**3 + 4*j**2 - 3*j. Let v be l(2). Suppose v*n + o - 3*o = f, -2*o = -n + 39. Is n composite?
True
Suppose 3*k + 326 = 5*s, -3 + 15 = 4*k. Is s composite?
False
Let a(z) be the third derivative of z**5/20 + 5*z**4/24 + 5*z**3/6 - 3*z**2. Is a(-4) a prime number?
False
Let s = 1237 - 800. Is s a prime number?
False
Let s(q) = -18*q + 5. Suppose -k = 5*g + 16, 0 = 5*k - 5*g - 2 + 52. Is s(k) a prime number?
False
Suppose 0 = 4*g + 8 + 24. Let y be 1/4 + 18/g. Is -34*(y - 3/2) a prime number?
False
Is ((-6)/9)/(4/(-198)) composite?
True
Suppose -429 = -138*s + 135*s. Is s composite?
True
Let v = 3517 + -568. Is v composite?
True
Suppose -7 = -3*j - v + 3, -2*j + 7 = v. Let s be j/(-3*1) + 1. Suppose m - 2 = -s. Is m prime?
True
Let s(h) = 4*h - 2. Is s(3) prime?
False
Let i(s) = -s**2 + 4*s + 3. Let w be i(4). Suppose 0*u = 2*u + w*n - 391, 4*u = 4*n + 832. Is u composite?
True
Let n = -117 + 676. Is n prime?
False
Suppose 1459 = 5*h - 4*y, 5*y - 664 = 4*h - 1833. Is h a composite number?
True
Suppose -3*b + 9 + 3 = 0. Suppose 2*s = -2*l - 2*s - 10, s - 11 = -5*l. Suppose b*w - l*w = 9. Is w a prime number?
False
Suppose f = -f, 3*s + 72 = 2*f. Is 2*(-3)/(s/724) a composite number?
False
Let v(y) = 11*y**3 - 5*y**2 - 4*y + 3. Is v(4) composite?
True
Let i = 568 + -119. Is i a composite number?
False
Suppose 3*j - 5*j = -506. Is j a composite number?
True
Let h(y) = y + 1. Let k be h(6). Suppose 2*l = k*l - 595. Is l a prime number?
False
Let s be 15/2 + (-2)/(-4). Suppose p - 187 = -s. Is p a composite number?
False
Let c(o) = o**3 + 6*o**2 - 7*o + 2. Let u be c(-7). Suppose u*v - 4*v = -14. Suppose 0 = -5*g + 4*z + 46, -g + z + v = -2*z. Is g prime?
False
Suppose 5*w + 3*w = 6248. Is w prime?
False
Is (6/(-9))/((-6)/18891) a composite number?
False
Is 634 + (3 - -1 - 5) prime?
False
Suppose -3*m = -0*m - 381. Is m prime?
True
Let n(s) be the second derivative of s**5/10 + s**4/3 - s**3/2 - s**2 + s. Is n(3) a prime number?
True
Let v = 138 - 22. Suppose v = 3*o - o. Is o prime?
False
Let h = 116 - -213. Suppose -5*c + h = -376. Is c a prime number?
False
Let j(u) = u**3 + 10*u**2 + 2*u - 3. Let w be j(-7). Suppose 0 = 4*x + 38 - w. Is x prime?
True
Let q(s) = 5*s**3 - 8*s**2 + 3*s + 6. Is q(5) a prime number?
False
Let n be 0/((-8)/(0 + -2)). Suppose n*c = -4*c + 472. Is c a prime number?
False
Suppose 0 = 3*s - 2882 - 4627. Is s composite?
False
Suppose w + 397 = 2*t + t, 0 = 2*t + 2*w - 254. Let x = 196 - t. Suppose -4*l = l - x. Is l prime?
True
Let g(p) = 7*p - 43. Is g(38) a composite number?
False
Suppose 1529 = 4*v - 975. Suppose 3*u = -6*m + m + 782, -2*u = 4*m - v. Is m a composite number?
False
Let q be (-15)/(-4) - 9/(-36). Let z(p) = 51*p - 1. Is z(q) a prime number?
False
Let s be (-3 - (-66)/4)*2. Suppose -2*i = -97 - s. Suppose -5 = 3*l - i. Is l a prime number?
True
Suppose 4*a + 32 = g + 1059, -5*a + 1268 = 4*g. Suppose -5*c = -4*p + a, 2*p - 77 = -4*c + 25. Is p prime?
True
Let d(j) = -2164*j + 4. Let q(v) = -2163*v + 5. Let m(f) = -4*d(f) + 3*q(f). Let t be m(-5). Is 2/(-8) + t/(-16) composite?
False
Let z(n) be the first derivative of -n**3/3 + 2*n**2 - 5*n + 3. Let d be z(4). Let v(y) = 2*y**2 + 4*y - 4. Is v(d) a prime number?
False
Let u be 1 + (1 - -10 - 0). Let z be 8/u*(0 - 57). Let b = z - -73. Is b a composite number?
True
Suppose l - 4*k + 523 = 4*l, 2*l = 3*k + 360. Is l composite?
True
Let h be 0/(4/6*3). Suppose h*a - 178 = -2*a. Is a a prime number?
True
Let d = 2 - 0. Suppose -d*s + 4*o - 37 = -487, 4*o = s - 231. Suppose s = 4*i - 49. Is i a composite number?
False
Let s be -8*3/(-6)*3. Let p = s + 121. Is p a composite number?
True
Suppose -4*l + 0*v - 34 = -5*v, -2*l - 5*v = 32. Let o = l + 5. Is ((-10)/(-3))/((-2)/o) composite?
True
Suppose 0 = -l + 3*k + 296, 2*k + 946 = 5*l - 521. Is l prime?
True
Let k(v) = -59*v. Suppose -5*n + 4 = -4*n. Let i be k(n). Let y = 331 + i. Is y a composite number?
True
Let w = -86 + 148. Is w a prime number?
False
Let r(h) = 4*h**2 - 4*h - 7. Is r(-5) a composite number?
False
Let v(j) = -20*j + 35. Is v(-13) prime?
False
Let y = -4 + 2. Let o = y - -17. Suppose 4*b = 2*m + b - 21, 5*b + o = 2*m. Is m prime?
False
Let a(u) = -1. Let v(r) = -3*r + 16. Let b(w) = -2*a(w) + v(w). Let l(d) = -d + 6. Let h(y) = 3*b(y) - 8*l(y). Is h(-5) prime?
True
Suppose 11411 = 7*d - 15812. Is d composite?
False
Suppose -q - 5 = 2*b + 2*b, -3*b = -3*q + 15. Is 3*2/q + 125 a prime number?
True
Suppose -2*q = -1 + 29. Is ((-53)/2)/(q/28) prime?
True
Let f(u) = 142*u**3 - 2*u**2 + 2*u - 1. Let h be f(1). Suppose 4*i = 5*r - h, -6*r + r + i = -129. Is r a prime number?
False
Let b(t) = -1 - 10*t - 4 - 6*t. Let m(o) = o**2 - 7*o + 2. Let h be m(3). Is b(h) composite?
True
Suppose -9 = 3*j, 4*z + 2*j + 32 = 2. Is (0 + 2)/(z/(-33)) prime?
True
Suppose 2*x = 3*f - 9, 3*x + f - 1 - 2 = 0. Suppose 3*p = -x*p - 3. Is -74*2/(-3 + p) prime?
True
Let r(z) = -44*z + 21. Is r(-20) prime?
False
Let m = 199 - -1438. Is m composite?
False
Suppose -2*z = 3*z - 105. Suppose 6*b = 3*b + z. Is 61/b - 8/(-28) composite?
True
Let z(o) = o - 3. Suppose 6*g - 25 = g. Let m be z(g). Suppose -3*v = -m*v - 247. Is v a prime number?
False
Suppose 3*s - 2 + 8 = 0, j - 32 = 3*s. Let f be j/(-3) - 6/(-9). Let p(k) = -k**2 - 14*k + 9. Is p(f) composite?
True
Is (13 + -2)/((-5)/370*-2) composite?
True
Suppose -4*q = -8 - 20. Suppose -2*h + q*h = 30. Let m = 16 + h. Is m prime?
False
Let p = 1805 - 691. Is p a prime number?
False
Let j(g) = 6*g**2 - 5. Is j(9) a prime number?
False
Let t be 50*6*8/15. Suppose -5*p + 490 + t = 0. Suppose 5*k - 4*w - 347 = -w, -2*k - w = -p. Is k a prime number?
True
Let o(c) be the third derivative of 23*c**5/30 - c**3/6 + 2*c**2. Let b be o(-1). Suppose 0 = -x - 2*x + b. Is x a prime number?
False
Suppose 0 = -3*j - 4 + 10. Suppose 117 = j*g - 95. Suppose f + g = 3*f. Is f a composite number?
False
Let z be (-48)/(-10) + 5/25. Suppose 0 = -4*k + z*g - 2, g + 0 = 2. Suppose 381 = -k*x + 5*x. Is x prime?
True
Let g be (4/3)/(2/3). Let u be 1/(-1 - 8/(-6)). Suppose 2*c - 171 = -u*l, g*c = -c + 9. Is l a prime number?
False
Let l = 1552 - 2230. Is ((-4)/6)/(4/l) a prime number?
True
Suppose -3*x = -3*k - 1332, -3*k - 2222 = -x - 4*x. Is x a prime number?
False
Let t(f) = 79*f + 20. Is t(11) composite?
True
Suppose 0 = -12*b + 16*b - 4396. Is b prime?
False
Let i be (-2)/((8/844)/1). Is (-1)/(-1 - -2)*i a composite number?
False
Let u be 712/7 + (-6)/(-21). Suppose 2*z = u + 46. Is z a composite number?
True
Let l = 573 - -380. Is l a composite number?
False
Let c(q) be the second derivative 